ed thousands digit of 225038?
2
What is the thousands digit of 13940978?
0
What is the hundreds digit of 945070?
0
What is the thousands digit of 263815?
3
What is the millions digit of 3338287?
3
What is the ten thousands digit of 422498?
2
What is the hundreds digit of 237521?
5
What is the thousands digit of 260936?
0
What is the units digit of 409425?
5
What is the hundreds digit of 106149?
1
What is the hundred thousands digit of 197354?
1
What is the hundred thousands digit of 479348?
4
What is the hundreds digit of 100692?
6
What is the thousands digit of 153283?
3
What is the hundreds digit of 660570?
5
What is the units digit of 1544966?
6
What is the tens digit of 22059275?
7
What is the ten thousands digit of 7976324?
7
What is the tens digit of 412946?
4
What is the millions digit of 5767079?
5
What is the hundred thousands digit of 128980?
1
What is the ten thousands digit of 225198?
2
What is the tens digit of 2383071?
7
What is the ten millions digit of 10408370?
1
What is the millions digit of 1780148?
1
What is the hundred thousands digit of 5995466?
9
What is the units digit of 15709568?
8
What is the tens digit of 17099929?
2
What is the ten millions digit of 23319217?
2
What is the millions digit of 5540932?
5
What is the ten thousands digit of 1018277?
1
What is the millions digit of 1140944?
1
What is the ten thousands digit of 46139?
4
What is the hundreds digit of 427717?
7
What is the units digit of 3940357?
7
What is the tens digit of 1793855?
5
What is the hundreds digit of 11153736?
7
What is the millions digit of 3009564?
3
What is the ten thousands digit of 311716?
1
What is the ten thousands digit of 11928336?
2
What is the thousands digit of 46324?
6
What is the ten thousands digit of 4330049?
3
What is the hundreds digit of 364716?
7
What is the hundreds digit of 906245?
2
What is the thousands digit of 4031617?
1
What is the thousands digit of 195164?
5
What is the hundreds digit of 11581?
5
What is the hundreds digit of 1014564?
5
What is the tens digit of 288292?
9
What is the hundreds digit of 340931?
9
What is the tens digit of 1127408?
0
What is the units digit of 18595955?
5
What is the units digit of 81568?
8
What is the tens digit of 544886?
8
What is the thousands digit of 91927?
1
What is the hundred thousands digit of 4803079?
8
What is the units digit of 1552232?
2
What is the millions digit of 1030033?
1
What is the units digit of 895781?
1
What is the millions digit of 2810683?
2
What is the tens digit of 79923?
2
What is the tens digit of 75883?
8
What is the ten thousands digit of 79374?
7
What is the units digit of 241149?
9
What is the thousands digit of 384995?
4
What is the units digit of 11349904?
4
What is the tens digit of 190042?
4
What is the tens digit of 1986636?
3
What is the tens digit of 271715?
1
What is the thousands digit of 100756?
0
What is the units digit of 22163125?
5
What is the millions digit of 23426293?
3
What is the hundreds digit of 5530756?
7
What is the tens digit of 18894527?
2
What is the thousands digit of 14401840?
1
What is the tens digit of 20193258?
5
What is the hundreds digit of 4048135?
1
What is the millions digit of 6115720?
6
What is the thousands digit of 10996431?
6
What is the tens digit of 1581930?
3
What is the hundreds digit of 479978?
9
What is the hundreds digit of 307955?
9
What is the hundred thousands digit of 9659907?
6
What is the ten thousands digit of 219648?
1
What is the ten thousands digit of 572560?
7
What is the units digit of 20362084?
4
What is the ten thousands digit of 3074584?
7
What is the tens digit of 93649?
4
What is the hundreds digit of 3083398?
3
What is the ten thousands digit of 6005058?
0
What is the millions digit of 7540218?
7
What is the units digit of 1625187?
7
What is the tens digit of 995136?
3
What is the units digit of 36643677?
7
What is the units digit of 98570?
0
What is the units digit of 13360?
0
What is the units digit of 8327566?
6
What is the ten thousands digit of 2417285?
1
What is the hundreds digit of 5051183?
1
What is the thousands digit of 6665235?
5
What is the hundreds digit of 9153404?
4
What is the hundred thousands digit of 164222?
1
What is the hundred thousands digit of 8930664?
9
What is the hundred thousands digit of 432118?
4
What is the hundred thousands digit of 301833?
3
What is the thousands digit of 8881322?
1
What is the hundred thousands digit of 173306?
1
What is the units digit of 207332?
2
What is the thousands digit of 134882?
4
What is the ten thousands digit of 667639?
6
What is the hundred thousands digit of 4995826?
9
What is the tens digit of 1489002?
0
What is the tens digit of 233134?
3
What is the tens digit of 148212?
1
What is the tens digit of 6948388?
8
What is the millions digit of 31820403?
1
What is the ten millions digit of 34091154?
3
What is the hundred thousands digit of 667437?
6
What is the hundred thousands digit of 22001922?
0
What is the thousands digit of 312773?
2
What is the hundreds digit of 2580326?
3
What is the hundred thousands digit of 829640?
8
What is the thousands digit of 231185?
1
What is the tens digit of 784463?
6
What is the tens digit of 1312826?
2
What is the units digit of 2894548?
8
What is the hundreds digit of 3513069?
0
What is the thousands digit of 5989950?
9
What is the ten thousands digit of 550338?
5
What is the ten thousands digit of 46819?
4
What is the hundreds digit of 234972?
9
What is the units digit of 2238461?
1
What is the hundred thousands digit of 14657942?
6
What is the thousands digit of 708944?
8
What is the tens digit of 82008?
0
What is the ten thousands digit of 258436?
5
What is the thousands digit of 417472?
7
What is the thousands digit of 67080?
7
What is the units digit of 2757040?
0
What is the hundreds digit of 53518?
5
What is the thousands digit of 5067362?
7
What is the ten thousands digit of 98265?
9
What is the thousands digit of 245313?
5
What is the thousands digit of 4807910?
7
What is the millions digit of 16488426?
6
What is the tens digit of 683475?
7
What is the units digit of 194905?
5
What is the tens digit of 1196?
9
What is the units digit of 1579607?
7
What is the ten thousands digit of 1264440?
6
What is the thousands digit of 28548263?
8
What is the units digit of 471276?
6
What is the ten thousands digit of 63629?
6
What is the ten thousands digit of 10973?
1
What is the hundreds digit of 2491447?
4
What is the tens digit of 17106774?
7
What is the hundreds digit of 227375?
3
What is the tens digit of 4189613?
1
What is the ten millions digit of 10493083?
1
What is the hundred thousands digit of 208608?
2
What is the thousands digit of 2680093?
0
What is the millions digit of 17903503?
7
What is the thousands digit of 367104?
7
What is the ten thousands digit of 1348369?
4
What is the ten thousands digit of 2911688?
1
What is the tens digit of 138281?
8
What is the thousands digit of 50611?
0
What is the tens digit of 513451?
5
What is the thousands digit of 7331051?
1
What is the hundreds digit of 303607?
6
What is the hundreds digit of 6392651?
6
What is the thousands digit of 9815787?
5
What is the tens digit of 1003251?
5
What is the ten thousands digit of 53743?
5
What is the millions digit of 21223373?
1
What is the tens digit of 12500821?
2
What is the ten thousands digit of 17251148?
5
What is the millions digit of 12812990?
2
What is the units digit of 2011364?
4
What is the units digit of 1551038?
8
What is the ten thousands digit of 262146?
6
What is the ten thousands digit of 5399745?
9
What is the thousands digit of 3087549?
7
What is the tens digit of 1560397?
9
What is the thousands digit of 3045447?
5
What is the units digit of 286963?
3
What is the ten thousands digit of 90101?
9
What is the ten thousands digit of 560838?
6
What is the hundreds digit of 8857?
8
What is the thousands digit of 930529?
0
What is the tens digit of 387706?
0
What is the hundred thousands digit of 388996?
3
What is the millions digit of 1392186?
1
What is the thousands digit of 582027?
2
What is the hundred thousands digit of 672417?
6
What is the ten thousands digit of 270635?
7
What is the units digit of 297762?
2
What is the ten thousands digit of 24581422?
8
What is the units